Suppose -l + 9 = h. Calculate the greatest common divisor of h and 32.
8
Let s(w) = w**2 - w. Let r be s(0). Suppose y - 49 + 11 = r. Let a = 104 + -47. What is the highest common divisor of y and a?
19
Let b be 2/(-10) - (-52)/10. Suppose -4*p - 7*t + 4*t + 77 = 0, b*p - 101 = t. Calculate the greatest common factor of p and 60.
20
Let i(z) = z**3 + 9*z**2 - 3*z + 11. Let r be i(-5). Suppose 0 = a + 4, a = 5*b + 2*a - r. Calculate the greatest common factor of 13 and b.
13
Suppose 4*x - 47 + 11 = 0. Calculate the highest common factor of x and 36.
9
Suppose 56 = 2*t - 44. Let c(r) = 3*r + 5. Let w be c(5). Calculate the greatest common factor of w and t.
10
Let g(w) = -2*w**2 - 3. Let l(f) = 5*f**2 + f + 6. Let p(b) = 14*g(b) + 6*l(b). Let u be p(4). Let h = 16 - 6. What is the highest common factor of h and u?
10
Let n be 5*(1 + 5)/3. Suppose o + 3*r - 2*r = -16, -49 = 4*o - r. Let k = 97 - o. What is the greatest common divisor of n and k?
10
Let l = 2 + 16. Let p = -6 + l. Calculate the highest common divisor of p and 12.
12
Let z be (20/6)/((-4)/(-6)). Let i(x) = x**3 - 6*x**2 + 5*x + 6. Let h be i(z). Calculate the greatest common divisor of h and 18.
6
Let a be (2*13)/(20/10). Let w = -43 + 108. Calculate the greatest common divisor of w and a.
13
Suppose 2*t - 2 = 2, 4*k - 3*t - 238 = 0. Suppose 2*s + 0*d = 3*d + k, d + 102 = 3*s. Calculate the greatest common factor of s and 5.
5
Suppose -8*m + 0*m + 312 = 0. Calculate the greatest common divisor of 26 and m.
13
Let r(l) = -l**3 - 6*l**2 - 6*l + 1. Let x be r(-5). Suppose 0 = -u + x*u + 85. Let h = u + 35. What is the greatest common divisor of 27 and h?
9
Let c(n) = 9*n + 3. Suppose k - 12 = -3*k. Let y be c(k). Calculate the greatest common factor of y and 20.
10
Let c(y) = 17*y + 5. Let j be c(5). Suppose -36 = -46*h + 45*h. What is the highest common factor of j and h?
18
Suppose -6*z - 17 = -305. Calculate the highest common factor of 3 and z.
3
Suppose 2*b = 4*b - 12. Suppose -3*t = 2*t - 1400. Suppose -b*v = -v - t. Calculate the greatest common factor of v and 7.
7
Let j(w) = -w**2 + 6*w + 7. Let b be j(6). Let a(d) = 7 + d**2 + 7 - 15 + 2 - 5*d. Let r be a(b). Calculate the greatest common divisor of 75 and r.
15
Let b be (-287)/(-4) + (-1)/(-4). Calculate the greatest common divisor of b and 9.
9
Let u(x) = -4*x**2 + 43*x - 23. Let j(v) = v**2 - 11*v + 6. Let g(z) = -9*j(z) - 2*u(z). Let c be g(11). What is the highest common factor of c and 112?
14
Let l = 3 - 3. Suppose 0*m - 5*b = -m - 15, -5*b + 15 = l. Suppose m*u = u + 4*p - 112, 4*p = -2*u + 208. Calculate the greatest common divisor of u and 12.
12
Let g(q) = -62*q + 10. Let i be g(7). Let x be (-2)/(-9) - i/36. Let k = -11 - -59. What is the highest common factor of k and x?
12
Suppose 0 = 3*y - 59 - 37. Calculate the highest common factor of 40 and y.
8
Let q(b) = 26*b**2 + b - 1. Let m be q(1). Suppose -16 = -3*h + m. Let d be 1/((-44)/(-14) - 3). What is the greatest common factor of d and h?
7
Suppose 0*v + 3*g - 7 = -v, -5*v + 61 = 2*g. What is the greatest common divisor of 13 and v?
13
Let a(m) = m**2 - 4*m - 4. Let t be a(-2). What is the highest common factor of 8 and t?
8
Let f(p) = 72*p - 9. Let y be f(2). Suppose -3*q + 30 = 2*a, a + q = -q + 15. Calculate the highest common divisor of y and a.
15
Suppose n = -a + 2 - 1, 4*a - n = 14. Let c(z) = 7 - a - 7*z - 2 + 5. Let s be c(-7). What is the highest common factor of s and 7?
7
Let f(u) = 26*u**2 - u + 3. Let g be f(3). Let i = g - 138. Suppose -p + 3*p - 24 = 0. Calculate the highest common factor of p and i.
12
Suppose -k + 4 = -1, 2*k = h + 4. Suppose r + h = 4*r. Suppose -r*m = 5*s - 65, 2 = s - 5*m + 16. Calculate the highest common factor of 11 and s.
11
Let c(y) be the first derivative of 13*y**3/3 + 3*y**2/2 - 3. Let p be c(3). What is the highest common factor of p and 18?
18
Let r(l) = l**2 - 8*l + 7. Let s be r(10). Suppose 5*f + 4*h - 883 = 2*f, -5*f + 2*h = -1489. What is the greatest common factor of s and f?
27
Suppose p = 5 - 8. Let n = 16 + p. What is the highest common divisor of n and 13?
13
Suppose -2*c - 5 = -37. Let s be (-2 + (-285)/(-12))*4. Suppose s = 2*o + 7. Calculate the greatest common divisor of o and c.
8
Suppose 2*c - g + 52 = 0, 3*c + 88 = 2*g + 2*g. Let j = -13 - c. Suppose 4*p - 220 = -0*p. What is the greatest common divisor of p and j?
11
Let y = -36 + 63. Calculate the highest common factor of y and 27.
27
Let n = 239 - 114. Calculate the greatest common factor of n and 25.
25
Let q be (2 - -6) + (-2 - -2). What is the greatest common factor of q and 32?
8
Let j be 67/4 - (-6)/(-8). What is the highest common factor of 2 and j?
2
Let r(f) = f**3 + 30. Let o be r(0). Suppose 5*b + 4*l - 66 = 0, -2*b - 3*l + 2*l = -24. Calculate the highest common divisor of o and b.
10
Suppose -18 = -2*y - 6. Let q = y - 5. Calculate the greatest common divisor of 2 and q.
1
Let c be (3/(-2))/((-3)/6). Suppose -14 = 3*k - 4*r - 32, 0 = -r - 3. What is the highest common factor of c and k?
1
Let n(v) = v**2 - v - 8. Let s be n(4). Suppose 0 = 2*i + 21 + 15. Let l be -2 - (-2 + s)*i. Calculate the highest common factor of 85 and l.
17
Let d(o) = -o**3 + o**2 + 77. Let c be d(0). Let p(j) = j**2 - 4*j + 6. Let g be p(4). Let t = g - -5. What is the highest common divisor of c and t?
11
Let m be (3 + 1 + 22)*1. Calculate the highest common divisor of m and 13.
13
Suppose -3*l = 3*v - 15, -5*l + 17 - 6 = -2*v. Suppose -f - 12 = -v*f. Let m be (84/10)/((-3)/(-30)). What is the highest common factor of m and f?
12
Let m be (-396)/(-32) - (-6)/(-16). Calculate the greatest common divisor of m and 6.
6
Suppose 2*m + 4*w = m - 2, 5*m + 2*w + 10 = 0. Let u = 22 + m. Calculate the highest common divisor of u and 4.
4
Let a be 7/(-28) + 137/4. Calculate the greatest common factor of a and 85.
17
Let d = 21 - 31. Let y = -2 - d. Suppose 2*o - 5*s - 53 = 0, o + s - 22 = -s. Calculate the highest common factor of o and y.
8
Let u(b) = -b + 4. Let v be u(-8). What is the highest common factor of v and 108?
12
Let a(f) = f**3 + 3*f**2 - 3*f - 6. Let z be a(-3). What is the highest common factor of z and 12?
3
Let p = 5 - -1. Calculate the highest common divisor of p and 48.
6
Let c = 8 - 26. Let j = -8 - c. Calculate the highest common factor of j and 10.
10
Let j = 15 - -54. Calculate the highest common divisor of j and 46.
23
Let z = 118 + -79. Let j = -4 - -17. What is the greatest common divisor of j and z?
13
Let h be ((-2)/(-2))/((-30)/36 + 1). What is the highest common divisor of h and 12?
6
Suppose 92 = b + 3*c, -5*c - 220 = -2*b - 2*c. What is the greatest common factor of 13 and b?
13
Let n = 22 - 15. Calculate the highest common factor of n and 49.
7
Suppose 5*g + 20 = 0, 0 = -2*m + g + 4*g + 580. Calculate the greatest common factor of 35 and m.
35
Let j be (4/5)/((-3)/(-495)). Suppose 2*b - b - j = 0. Suppose 4*i + 2*u = -u + 42, 10 = i + u. Calculate the greatest common factor of b and i.
12
Let n = -7 - -10. Suppose d + d = 4, 5*u + n*d = 706. Suppose 0*p - u = -5*p. Calculate the greatest common factor of 4 and p.
4
Let p be (-30 - 0)/((-20)/150). Calculate the highest common factor of p and 25.
25
Let x be (-1060)/(-12) + 4/(-12). Calculate the greatest common factor of 66 and x.
22
Let b(v) = v + 19. Let d be b(-13). Calculate the highest common divisor of 15 and d.
3
Let v be 4/(-6)*(2 + -5). Let k = 3 + 0. Suppose -3*m + 6 = 0, 5*m - 10 = -k*b + 15. Calculate the highest common divisor of b and v.
1
Let t = -3 + 5. Suppose t*r - 9 = 11. Calculate the greatest common divisor of 70 and r.
10
Let v = 53 + -18. Let o = v - -40. Calculate the greatest common divisor of 15 and o.
15
Let i = 212 + -142. Calculate the highest common factor of 10 and i.
10
Suppose -4*j + 22 - 10 = 0. Let o(v) = 8*v**2 - 2*v - 2. Let y be o(j). Let c be (6/2)/(12/y). What is the greatest common divisor of 24 and c?
8
Suppose x + 432 = 7*x. What is the highest common factor of x and 24?
24
Suppose -z = -13 - 1. What is the highest common factor of 126 and z?
14
Let r(d) = 4*d - 7. Let t be r(5). What is the highest common factor of 39 and t?
13
Suppose 61 = 2*v + 13. Calculate the highest common divisor of v and 3.
3
Let r(g) = -g**2 - 8*g + 2. Let o(q